alculate the highest common divisor of 182 and 3263.
13
Calculate the greatest common factor of 76 and 12.
4
Calculate the greatest common divisor of 1056 and 11.
11
Calculate the highest common divisor of 437 and 1104.
23
Calculate the greatest common divisor of 44 and 24200.
44
What is the highest common divisor of 986 and 754?
58
What is the highest common factor of 38 and 14?
2
What is the highest common factor of 3813 and 41?
41
Calculate the highest common divisor of 194 and 2037.
97
Calculate the highest common divisor of 134 and 3149.
67
Calculate the highest common divisor of 1036 and 444.
148
Calculate the greatest common factor of 43804 and 47.
47
What is the highest common divisor of 64 and 2?
2
What is the greatest common divisor of 9 and 9?
9
What is the highest common factor of 29 and 1247?
29
What is the greatest common factor of 5312 and 3154?
166
Calculate the greatest common divisor of 1547 and 1071.
119
Calculate the greatest common factor of 77 and 371.
7
Calculate the greatest common divisor of 145 and 1711.
29
Calculate the highest common divisor of 9342 and 108.
54
What is the greatest common divisor of 340 and 1140?
20
Calculate the greatest common divisor of 13 and 23621.
13
What is the highest common divisor of 38904 and 96?
24
Calculate the highest common divisor of 3636 and 63.
9
What is the greatest common factor of 51 and 4624?
17
Calculate the highest common divisor of 125 and 50.
25
What is the greatest common factor of 2167 and 143?
11
What is the greatest common divisor of 13 and 702?
13
What is the highest common divisor of 140 and 8540?
140
Calculate the highest common factor of 91203 and 129.
129
What is the greatest common divisor of 81 and 2997?
81
What is the greatest common divisor of 486 and 414?
18
What is the greatest common divisor of 2675 and 400?
25
Calculate the highest common divisor of 76 and 4.
4
What is the highest common divisor of 2154 and 24?
6
Calculate the highest common divisor of 50 and 1045.
5
Calculate the greatest common divisor of 69 and 184.
23
Calculate the highest common divisor of 3872 and 32.
32
Calculate the greatest common factor of 56 and 3633.
7
Calculate the greatest common factor of 64088 and 8.
8
What is the greatest common divisor of 1075 and 301?
43
What is the greatest common divisor of 1352 and 7267?
169
Calculate the greatest common divisor of 480 and 360.
120
Calculate the greatest common divisor of 4917 and 77.
11
Calculate the greatest common factor of 1002 and 6.
6
Calculate the highest common divisor of 108 and 300.
12
What is the highest common divisor of 3600 and 75?
75
What is the greatest common divisor of 416 and 13?
13
What is the highest common factor of 7225 and 25?
25
What is the greatest common divisor of 5782 and 392?
98
What is the greatest common factor of 121 and 5137?
11
What is the highest common divisor of 110 and 3575?
55
What is the greatest common factor of 704 and 384?
64
What is the greatest common factor of 970 and 10?
10
What is the highest common divisor of 4462 and 582?
194
Calculate the highest common factor of 300 and 90.
30
Calculate the greatest common divisor of 3675 and 150.
75
What is the highest common factor of 450 and 2400?
150
Calculate the highest common divisor of 6 and 15954.
6
What is the greatest common divisor of 7790 and 190?
190
Calculate the greatest common factor of 170 and 70.
10
What is the greatest common divisor of 1 and 220?
1
Calculate the highest common divisor of 5 and 45.
5
What is the greatest common factor of 543 and 21?
3
Calculate the highest common divisor of 17 and 1241.
17
What is the greatest common factor of 122 and 18?
2
Calculate the highest common factor of 598 and 184.
46
What is the greatest common factor of 20 and 20?
20
What is the highest common divisor of 7597 and 321?
107
What is the greatest common divisor of 7 and 108647?
7
What is the greatest common factor of 264 and 6?
6
What is the highest common factor of 78 and 897?
39
Calculate the greatest common factor of 7 and 31353.
7
What is the highest common divisor of 162 and 27?
27
Calculate the greatest common divisor of 38830 and 353.
353
Calculate the highest common factor of 19186 and 318.
106
Calculate the highest common divisor of 517 and 198.
11
What is the highest common divisor of 600 and 4600?
200
Calculate the greatest common factor of 2 and 1646.
2
What is the greatest common divisor of 121 and 319?
11
Calculate the greatest common factor of 96 and 4272.
48
What is the greatest common divisor of 64 and 3752?
8
Calculate the highest common factor of 31941 and 39.
39
What is the greatest common divisor of 168 and 32?
8
What is the highest common factor of 22 and 2189?
11
Calculate the greatest common factor of 250 and 1625.
125
What is the highest common factor of 292 and 1533?
73
Calculate the greatest common divisor of 1600 and 192.
64
What is the greatest common factor of 5 and 25?
5
Calculate the greatest common divisor of 88 and 8.
8
What is the highest common factor of 5 and 2870?
5
What is the highest common factor of 1 and 37?
1
What is the highest common factor of 510 and 408?
102
Calculate the highest common divisor of 37 and 19573.
37
What is the highest common factor of 30 and 80?
10
Calculate the highest common divisor of 2268 and 28.
28
Calculate the greatest common divisor of 6 and 4272.
6
What is the highest common divisor of 168 and 36?
12
What is the greatest common factor of 6144 and 6?
6
Calculate the highest common divisor of 90 and 110.
10
Calculate the greatest common divisor of 18 and 1593.
9
What is the highest common factor of 119 and 459?
17
Calculate the highest common factor of 561 and 459.
51
Calculate the greatest common factor of 546 and 602.
14
Calculate the highest common divisor of 106 and 7738.
106
Calculate the highest common divisor of 5876 and 52.
52
Calculate the greatest common factor of 301 and 28.
7
Calculate the greatest common divisor of 2462 and 14.
2
Calculate the greatest common divisor of 5037 and 138.
69
Calculate the highest common divisor of 126 and 17514.
126
Calculate the greatest common factor of 26688 and 768.
192
Calculate the greatest common factor of 216 and 24.
24
Calculate the highest common divisor of 651 and 63.
21
Calculate the highest common factor of 240 and 96.
48
Calculate the greatest common factor of 4 and 47.
1
Calculate the highest common divisor of 440 and 1265.
55
What is the greatest common divisor of 711 and 1501?
79
Calculate the highest common divisor of 3294 and 243.
27
What is the highest common factor of 198 and 2682?
18
Calculate the highest common factor of 2133 and 27.
27
What is the highest common factor of 4054 and 2?
2
Calculate the greatest common factor of 399 and 12369.
399
What is the highest common factor of 34 and 816?
34
Calculate the greatest common factor of 574 and 14.
14
What is the highest common factor of 51 and 1003?
17
Calculate the greatest common divisor of 114 and 874.
38
Calculate the highest common divisor of 738 and 66.
6
Calculate the greatest common factor of 8207 and 58.
29
What is the highest common factor of 1781 and 13?
13
What is the highest common divisor of 88 and 396?
44
Calculate the greatest common divisor of 280 and 56.
56
Calculate the highest common factor of 1215 and 90.
45
Calculate the greatest common factor of 68 and 16.
4
What is the greatest common divisor of 90 and 2370?
30
Calculate the greatest common divisor of 533 and 123.
41
What is the greatest common divisor of 850 and 100?
50
What is the greatest common divisor of 3 and 1293?
3
What is the highest common factor of 80 and 16?
16
Calculate the greatest common factor of 99 and 231.
33
Calculate the greatest common divisor of 7 and 362.
1
Calculate the greatest common divisor of 1274 and 1638.
182
What is the highest common factor of 544 and 68?
68
What is the greatest common divisor of 544 and 1224?
136
Calculate the greatest common divisor of 212 and 265.
53
What is the greatest common divisor of 1334 and 58?
58
What is the greatest common factor of 12 and 12?
12
Calculate the highest common divisor of 36 and 744.
12
What is the highest common divisor of 21 and 141?
3
What is the highest common factor of 9 and 5652?
9
What is the greate